c + 4*k = -125 - 105. What is the greatest common divisor of c and t?
7
Let u = 117 - 54. Suppose -6 = -3*f, 4*n - 39 = -n - 2*f. Calculate the greatest common factor of n and u.
7
Let x(f) = 30*f**2 - 3*f - 3. Let v be x(3). Let t be 2 + (v - 0 - -4). What is the highest common divisor of 33 and t?
33
Suppose 2*u + 3*u - 30 = 0. What is the greatest common factor of u and 24?
6
Let m = 4 - 0. Suppose m*q - 7*t - 56 = -3*t, 4*q - 2*t - 46 = 0. Suppose q = l - 18. What is the highest common factor of l and 9?
9
Suppose -6*m = -m. Let b = -34 - -60. Suppose m = 4*i + 4*q + q - 35, -3*i - 4*q = -b. What is the highest common factor of 40 and i?
10
Suppose 40 = 4*i - 0*i. What is the highest common factor of 110 and i?
10
Suppose 5*y - 75 = 5*f, 35 = y + 2*y - 5*f. What is the greatest common factor of y and 140?
20
Let c be (-53)/(-3) - (-1)/3. Suppose 3*l = -l - 3*k + 11, 5*l - 5 = 5*k. Calculate the greatest common divisor of c and l.
2
Let z(v) = -v**3 - 26*v**2 + 22*v - 59. Let w be z(-27). Calculate the greatest common factor of 190 and w.
38
Suppose -9*k + 1542 - 12 = 0. Calculate the greatest common divisor of k and 10.
10
Let p = 58 - -20. What is the greatest common factor of p and 52?
26
Suppose -6*t + 162 = -3*t. Suppose -322 - 83 = -5*v. Calculate the highest common divisor of t and v.
27
Suppose -2*t + 6*t = 12. Suppose t*u = -u + 72. Let v = 4 + 5. What is the highest common factor of v and u?
9
Let z be 8*(0 + 93/12). Let c be 6/(3 + z/(-22)). Suppose 3*y + c = n, 5*y + 59 = 3*n - 40. What is the greatest common factor of n and 11?
11
Suppose -5*p + 4 = -3*y - 1, 2*p + 3*y - 23 = 0. Calculate the greatest common divisor of p and 20.
4
Let f(c) = c**2 - 4*c + 6. Let m be f(5). Suppose -y + m = -0. What is the greatest common divisor of y and 88?
11
Let m be 0 - (2 - 3 - 109). Suppose 3*z = 0, -p = -2*z - 2 - 2. Suppose p*k - 35 = 9. What is the highest common divisor of m and k?
11
Let n be 2/(1 - (2 - -1)). Let g be -2*22*n/4. What is the greatest common divisor of 33 and g?
11
Let u = -59 + 62. What is the greatest common divisor of u and 9?
3
Suppose 2*y - 2*n = 16, -5*n + 10 = -0*n. Suppose 0 = -3*c + 15 + 75. Calculate the greatest common factor of c and y.
10
Let s(n) = -n + 11. Let q be s(8). Let z(k) = 1 - k - k + k**3 - k - k**2 - q. Let c be z(3). What is the greatest common factor of c and 1?
1
Let l = -379 - -395. Let k = 47 + 33. Calculate the greatest common divisor of l and k.
16
Suppose -4*h = 3*b - 6, b = 2*h - 11 + 3. Let s be (9/b)/((-1)/2). Calculate the greatest common factor of 27 and s.
9
Let w(q) be the second derivative of q**4/12 + q**3/6 + 4*q**2 - 3*q. Let s be w(0). Calculate the highest common divisor of 8 and s.
8
Let y = 12 + -7. Suppose -3*s + 280 = s + y*u, -2*u = 4*s - 292. Calculate the highest common divisor of 15 and s.
15
Let v(l) = -l - 4. Let s(b) = b + 4. Let y be s(-9). Let z be v(y). Calculate the greatest common divisor of z and 11.
1
Suppose r = -0*f + 3*f - 35, -3*f - 25 = 2*r. Let z be (-32)/r + (-4)/(-10). What is the greatest common divisor of z and 18?
2
Let t = 158 + -118. What is the highest common divisor of 24 and t?
8
Suppose 3*s - d - 358 = 0, -s = s + 2*d - 244. Suppose 2*y - s = -3*y. Calculate the greatest common divisor of 48 and y.
24
Let d be ((-6)/10 - -1)*30. Let y be 3/(((-6)/(-4))/3). Let q be (9/y)/(d/128). What is the highest common divisor of q and 176?
16
Let n(q) = 1 - 1 + 28*q - 11*q. Let f be n(1). Suppose 3*r - 8 = 94. Calculate the highest common divisor of f and r.
17
Suppose -5*o = -0*o - 3*y - 225, 2*y = -o + 58. Calculate the highest common factor of o and 6.
6
Suppose -62 = -5*l + 3*l. Calculate the greatest common factor of l and 341.
31
Suppose -l - 1 + 5 = 0. Suppose -3*r + 0 = 3*z - 3, -4*r = 2*z + l. What is the highest common factor of z and 16?
4
Suppose 3*q = n + 63, -5*n + 23 = q - 14. What is the highest common divisor of 242 and q?
22
Suppose -157 = -3*v + 2*x - 36, -3*v + 109 = 4*x. Calculate the greatest common factor of v and 26.
13
Let g be (3/(-1) - -46 - 0) + 2. What is the greatest common divisor of g and 9?
9
Suppose 3*y - 26 = -5*l + 26, -l - 2*y = -9. Calculate the greatest common divisor of 11 and l.
11
Let z be (-4)/7 + 738/42. Calculate the highest common divisor of 153 and z.
17
Suppose -3*q + 3 = 0, -5*q = 2*r - 0*q - 13. Suppose 30 = -r*v + 5*v. What is the greatest common factor of 20 and v?
10
Let r be -1 - -10 - 0/1. Suppose -2*t + 185 = 3*f - 3*t, -177 = -3*f + 3*t. Calculate the highest common divisor of f and r.
9
Suppose -35 = -h - 0*h. Let a = h - 19. Calculate the highest common divisor of 128 and a.
16
Let r = 45 - 25. Calculate the highest common divisor of 60 and r.
20
Suppose -5 = 5*y - g, g = 2*g. Let r = y - -2. Let o(w) = -5*w**2 - 105*w + 1. Let b be o(-21). What is the highest common divisor of b and r?
1
Let y be (13 - 70/7)*22/6. Calculate the highest common divisor of 1 and y.
1
Let d be (-1)/2 - (-146)/4. Calculate the greatest common factor of 12 and d.
12
Let v be 1 - -2 - (4 + -10). What is the highest common factor of v and 72?
9
Let o be (-22 - -1)*(-230)/161. Calculate the greatest common factor of 20 and o.
10
Let u be 12 + -10 + -3 + 1. Suppose r + u = 12. Suppose -5*y + 329 = 29. What is the greatest common factor of y and r?
12
Let r be 1/7 + 10/14*11. What is the highest common divisor of r and 16?
8
Suppose -1 = -2*c + 1. Let o be 2*(c - 0)*4. Calculate the greatest common divisor of 40 and o.
8
Let n(q) = q**2 - 6*q + 2. Let d be n(6). Suppose -h = d*h - 54. Suppose -4*p = -p - 6. Calculate the greatest common factor of p and h.
2
Suppose -3*p = -5*h - 6, -4*h - 16 = 4*p - 56. Calculate the highest common factor of p and 35.
7
Suppose -2*u = -4*u + 160. Calculate the highest common factor of u and 10.
10
Let l(y) = 5*y**2 - y - 9. Let r be l(-4). What is the greatest common factor of r and 30?
15
Suppose -5 = -5*g, 0*g = w - 3*g - 7. Suppose 4*s - w = -4*m + 14, -3*m + 3*s + 6 = 0. What is the highest common factor of m and 32?
4
Let t(v) = -4*v - 4. Let j be t(-4). Let y be (9/(-2))/((-9)/168). What is the greatest common divisor of j and y?
12
Let z = -7 - -8. What is the highest common factor of z and 2?
1
Suppose 0 = 3*f + 5*d - 84, 5*d = 6*f - 3*f - 84. What is the greatest common factor of f and 224?
28
Let x = 87 - 283. Let a = -124 - x. Suppose 0 = c - 4*c + 54. What is the highest common factor of a and c?
18
Let j(n) = -16*n - 3. Let q be j(-2). Let h = -21 + q. What is the highest common divisor of h and 2?
2
Let m = 5 - 5. Suppose 0 = -n - 2, -4*u + n + 34 = -m*u. Calculate the highest common divisor of u and 2.
2
Let r(w) = -3*w - 1. Let i be r(-2). Let q(l) = l**3 - 3*l**2 - 4*l - 3. Let k be q(i). Suppose 23 + k = z. What is the highest common factor of z and 10?
10
Let z(f) = 37*f**2 + 2*f - 1. Let w be z(1). What is the greatest common factor of 95 and w?
19
Let r be 136/85*(1 + 9). Calculate the highest common factor of 2 and r.
2
Let w = -10 - -17. Let k = -91 + 161. Suppose r + 4*r = 3*z + k, z - 42 = -3*r. What is the greatest common factor of r and w?
7
Suppose -19*r = -17*r - 40. Let f be (-76)/(-6) - 6/9. Suppose 0 = -4*b - f, -4*x + 4*b + b = -215. Calculate the greatest common divisor of x and r.
10
Suppose -125 = -4*y + 3*u, 56 + 99 = 5*y - 5*u. Let s(k) = -k**3 + 4*k**2 - 1. Let h be s(3). Calculate the highest common divisor of h and y.
8
Let a = 642 + -378. What is the highest common divisor of 44 and a?
44
Let l = 18 - -14. Let w be (-3 - 0) + (3 - -2). Suppose -w*n + n = -16. Calculate the greatest common divisor of n and l.
16
Let v = -8 + 8. Suppose s + s - 26 = v. Calculate the highest common factor of s and 117.
13
Suppose -3*o + 132 = 2*p - 0*p, -p = 4*o - 176. Let i be 20/8 + (-12)/(-8). Calculate the highest common divisor of o and i.
4
Let r(z) = -z**3 + 5*z**2 + 2*z - 2. Let m be r(5). Let b(k) = -k**2 - 6*k - 4. Let n be b(-4). What is the highest common divisor of n and m?
4
Let a be (-4)/(0 - -4 - 2). Let v = 2 - a. Calculate the highest common factor of v and 32.
4
Suppose -3*t + 4 = b, -5*b + 8*t = 4*t + 18. Let z be b + 43 - (3 + -2). Let v = z - 15. Calculate the highest common divisor of 10 and v.
5
Suppose -5*l - 36 = 2*d, -3*l + 1 = -3*d